7*z**2. What is h(a)?
2
Let d be ((-14)/(-42))/(1/42). Let n(g) = -g + 1 + 5 + 7 - d. What is n(6)?
-7
Let h be 0 + 0 - (-3 - 0). Let d(k) = 3 + h*k**2 - 3*k + k**3 + 4*k + 0*k**3. Calculate d(-3).
0
Let s(y) = 16*y**3 + y**2 + y - 1. Suppose 3*v - 13 = -p, -6*p - 17 = -5*p - 3*v. Let q be (-9)/(-36) + p + (-22)/(-8). Determine s(q).
17
Let k(u) = -u + 3 - 8 - 4 + 1. Calculate k(-6).
-2
Let g = -39 + 42. Let b(c) be the third derivative of -c**6/120 + c**5/60 + c**4/6 - c**3/6 - 4*c**2. Give b(g).
-7
Let t(v) = -2*v**3 - v**2 + 4*v - 3. Let q(g) = -20*g + 162. Let f be q(8). Calculate t(f).
-15
Let t(l) = -2*l**2 + 2*l - 1. Let m(x) = 7*x**2 + x + 7. Let n(a) = -m(a) - 3*t(a). Determine n(-5).
6
Suppose d = -2*d - 5*q - 27, q = 2*d + 5. Let o(b) = b**2 - 3*b - 2. What is o(d)?
26
Let y(c) = -29*c + 19*c - 5 + c**2 + 4 + 21*c + 0. Give y(-11).
-1
Let i(l) = -4*l**2 - 42*l - 30. Let q(d) = -3*d**2 - 28*d - 21. Let p(j) = 5*i(j) - 7*q(j). Determine p(14).
-3
Let a(t) = 155*t**2 - 3*t + 4 - 48*t**2 - 51*t**2 - 57*t**2. Give a(6).
-50
Let b(x) = 10*x + 6. Let c(n) = -11*n - 7. Let u(l) = -7*b(l) - 6*c(l). Let r be (-244)/(-28) - (-8)/28. Let q = r + -10. What is u(q)?
4
Let o(u) = -u**3 - u + 1. Let g(s) = 3*s**3 - 6*s**2 + 4*s + 2. Let t be (-5)/10*-2*(-2)/2. Let j(a) = t*g(a) - 4*o(a). Give j(-6).
-6
Let z(y) = 3*y**3 + 6*y**2 - y + 9. Let i(d) = -4*d**3 - 5*d**2 + d - 10. Let g(t) = 4*i(t) + 5*z(t). Calculate g(10).
-5
Suppose 205 = -27*l - 14*l. Let b(x) = -3*x**2 - 18*x - 4. Calculate b(l).
11
Let u(g) be the first derivative of -g**2/2 - 16. Suppose m = -4*a - 8, 4*m - 2*a = 3*a + 31. Let r(l) = -9*l + 1. Let x(w) = m*u(w) - r(w). Determine x(2).
9
Suppose m + 2*q - 3 = 0, -64*q + 9 = 3*m - 59*q. Let n(y) be the second derivative of 0 + 9*y + 1/12*y**4 + 5/2*y**2 - y**m. What is n(6)?
5
Let i(g) = -2 + 4*g - 3*g + g. Suppose 6*l + 12 = -0. What is i(l)?
-6
Let a(j) = 15*j - 7. Let p be a(1). Let h(g) = -g**3 + 7*g**2 + 9*g - 1. Let z be h(p). Let d(r) = -r**3 + 7*r**2 + r. What is d(z)?
7
Let f(c) = -c**2 + 4*c + 5. Let b(n) = -25*n**3 - n**2 + n. Let l be b(1). Let y = l - -30. Calculate f(y).
0
Let a(m) = 15*m**3 + 2*m - 16*m**3 - m - 2*m**2. Suppose 11 = 3*g - 4*z, -8*g - 5*z = -5*g + 34. Let c be 8/g - (-12)/(-36). Give a(c).
6
Suppose -4*b + 0*b + 4 = -2*r, 0 = -2*r + 8. Let v be 0 - (4 - b)*-3. Let w(t) = -6*t + 7*t**2 + t + 0*t - v*t**3 + 2*t**3. What is w(6)?
6
Let t(r) = -r**3 + 16*r**2 - 14*r + 2. Let u be t(15). Let m = u + -15. Let z(k) = -2*k**3 + 2*k + 1. What is z(m)?
-11
Let l(y) = 5*y + 6. Let t be 13/(-26)*(8 - 4). Give l(t).
-4
Let t(b) be the first derivative of b**4/24 - 4*b**3/3 - 19*b**2/2 - 24. Let z(y) be the second derivative of t(y). Determine z(-8).
-16
Let d(v) = -v**3 - 12*v**2 + v + 4. Suppose 8*q = 50*q + 504. What is d(q)?
-8
Let o = -9 - -90. Let x = -85 + o. Let c(b) = b**3 + 3*b**2 - 2*b + 2. What is c(x)?
-6
Suppose -1 - 23 = -6*y. Let z(l) = -9*l**3 - 5 + 10*l**3 + 3 - 3*l**2 + y*l. Give z(2).
2
Let p(v) = v + 11. Let r be p(8). Let y(g) = 16*g + 38 - 18 - r. What is y(-1)?
-15
Let n(k) be the third derivative of k**6/120 + k**5/4 - 2*k**4/3 + 7*k**3/6 - 16*k**2. Give n(-16).
7
Suppose w + 41 = 3*f, 5*f - 6*f + 11 = w. Suppose 21 = y - 5*y - 5*t, -f = 2*y + 5*t. Let a(s) be the first derivative of -s**2/2 - 3*s + 1. What is a(y)?
1
Let s(c) = c**3 + 5*c**2 + 7*c + 10. Suppose -61 = 9*x - 25. What is s(x)?
-2
Let y(j) = -j - 22. Let f be (-14)/7*((-9)/(-2) + 2). Give y(f).
-9
Let y(o) = o**2 + 6*o - 2. Let w be y(-7). Let p(m) be the first derivative of 3*m**2/2 - 3*m - 3. Calculate p(w).
12
Let q be (65/(-25) + 3)/(4/(-20)). Let h(t) = -4*t**2 - 2*t - 3. Calculate h(q).
-15
Let x(s) = 2*s + 6. Let h = -18 - -26. Suppose 0 - h = -2*l. Suppose -p - 4 = l*f, -2*p - 12 = p + f. Give x(p).
-2
Let i(q) = q + 8. Let h = -22 - -36. Suppose -14 = o - h. What is i(o)?
8
Let u = 1433/33240 - 2/1385. Let q(p) be the third derivative of -5/6*p**3 + 1/60*p**5 + 0 - 3*p**2 + u*p**4 + 0*p. What is q(0)?
-5
Suppose 4*y = 3*m + 33, m = 3*y - m - 24. Suppose -v + 4*v - y = 0. Let k(x) = 3*x**2 + 2*x. Let f(l) = -5*l**2 - 4*l. Let q(n) = -6*f(n) - 11*k(n). Give q(v).
-8
Let y(t) = -10*t**2 + 6*t - 16. Let r(c) = 3*c**2 - 2*c + 5. Let i(o) = -o**2 - o + 7. Let a be i(3). Let p(s) = a*y(s) - 16*r(s). Give p(-2).
4
Let p(b) = -761 + 1514 + 2*b - 761. Suppose 0 = 4*y + y. Suppose y = -3*u - 0*u + 21. What is p(u)?
6
Let a(o) be the third derivative of o**6/120 - o**5/10 + 7*o**4/24 - 7*o**3/6 - 359*o**2. Calculate a(5).
3
Let c(t) = -t. Let g(p) = 2*p - 17. Let m be g(6). Let u be m*(-10)/25 - -4. Give c(u).
-6
Let p(u) = 7*u**2 - u**3 - 2*u + 4 + 0 - 2*u**2. Let n be (-7)/(-2)*(-28)/(-98)*5. Determine p(n).
-6
Let z(g) = 2*g + 11. Let a(s) = s**2 - 6*s + 19. Let u(p) = p + 1. Let t(r) = -a(r) + 3*u(r). Let o be t(8). Determine z(o).
-5
Suppose 8 = -2*y - 3*a + 23, 0 = -4*a + 12. Let l(b) = 0 + y - 3 + b - 1. What is l(-6)?
-7
Suppose i + 4*h - 2 = 0, -2*i - h - 22 = 2*i. Let f(u) = u**3 + 6*u**2 - 6. Determine f(i).
-6
Let i(k) be the first derivative of k**4/12 - 4*k**3/3 + 5*k**2/2 + 43*k + 3. Let x(h) be the first derivative of i(h). What is x(6)?
-7
Let h(r) be the second derivative of r**3/6 - 3*r**2 - 20*r + 2. Give h(6).
0
Let k(t) = t**2 - 15*t + 9. Let f be k(14). Let w(g) = -4*g - 5. Let y be (-10 - -3) + 1 - -2. Let d(m) = -5*m - 5. Let h(z) = y*w(z) + 3*d(z). Give h(f).
0
Let p be (-28)/21*9/2. Let m(i) be the second derivative of i**3/6 + i**2/2 + 5*i. Determine m(p).
-5
Let u(p) = p - 1. Let i(t) = t**2 + 2. Let a(x) = i(x) + u(x). Suppose 2*o = -k - 3, 3*k + 2*k = -4*o + 15. Let s = 9 - k. Calculate a(s).
7
Let s(x) = 2*x**2 + x. Let c(m) = 11*m**2 + 12*m - 6. Let r(f) = c(f) - 6*s(f). Give r(6).
-6
Let l = 6 + -8. Let w(o) = 5*o**3 + 21*o**2 - 5*o - 5. Let s(g) = -2*g - 4*g**2 + 32*g**3 - 33*g**3 + 3*g + 1. Let j(r) = -11*s(r) - 2*w(r). Give j(l).
1
Let z(v) = -5*v**2 - 4*v - 36. Let r(c) = -6*c**2 - 3*c - 42. Let n(k) = 4*r(k) - 5*z(k). Give n(-5).
-3
Let c be ((-64)/12)/(4/(-6)). Let p(o) = o**2 + o + 1. Let m(h) = -2*h**2 - 2*h - 3. Let b(y) = c*p(y) + 3*m(y). What is b(-2)?
3
Let v(y) be the third derivative of y**5/24 + y**4/24 + 23*y**3/6 + 21*y**2. Let a(z) be the first derivative of v(z). Give a(-1).
-4
Let c(b) = 0*b**2 - 5*b**2 + 2*b - b**3 - b - 7. Suppose -5*r - 65 = -5*t, 5*t + 35 = -10*r + 5*r. Let h be ((-15)/r)/(-3)*2 - 4. Determine c(h).
-12
Suppose 6 = -5*p - 4. Let f(w) be the third derivative of w**5/20 + w**4/24 + w**3/2 + 2*w**2. Let i(n) = n - 1. Let v(s) = p*i(s) - f(s). Give v(-2).
-7
Let g(o) = o**2 + o - 1. Let w = 192 - 189. Give g(w).
11
Let d(o) = 10 - 10 - o**3 - 1365*o**2 + 1382*o**2 + 21 + 17*o. What is d(18)?
3
Let i(n) = 2*n + 7. Suppose 3*k + 369 = 3*f, 0 = -3*k - k - 2*f - 516. Let g = k + 121. Determine i(g).
-5
Let z(y) = y**3 - 4*y**2 + 3*y + 3. Let d = -120 - -123. What is z(d)?
3
Let c(t) be the first derivative of -13*t - 34 + 11*t + t**2 + 0*t. Give c(3).
4
Let x(q) be the first derivative of -q**2 - 3*q - 3. Let c be 2 - 2 - 3 - 0. Let y(l) = l**2 + 4*l - 1. Let k be y(c). Determine x(k).
5
Let a = 14 + -1. Let u = -8 + a. Let b(m) = 13 - u + 4*m**2 - 7*m - 3*m**2. Determine b(6).
2
Let l(c) = 26*c. Let r(j) = 224*j. Let u(o) = 52*l(o) - 6*r(o). What is u(3)?
24
Let b be (2 - (6 + -2))/(-1). Let a(z) = 2*z + 7. Let t(w) = -w - 4. Let i(x) = b*a(x) + 5*t(x). Let s(j) = -j + 1. Let r be s(4). Calculate i(r).
-3
Let p(b) be the first derivative of 3*b**2 + b + 200. Suppose 0 = a + 2*a + 3. Give p(a).
-5
Let s(m) be the first derivative of -m**4/4 + 4*m**3/3 - m**2 + 2*m + 3. Give s(3).
5
Let o(z) = -z**2 - 28*z - 45. Let w be o(-26). Let h(c) = -c**2 + 8*c - 5. What is h(w)?
2
Let b(d) be the second derivative of -d**4/12 - 5*d**3/3 - 11*d**2/2 + 16*d. Let k = 1 + 0. Let w be 0 + k + -2 + -7. What is b(w)?
5
Let v(f) = f**3 + 4*f**2 + 5*f + 9. Let r be v(-3). Let l(p) = 7*p**3 + 2 - 15*p**3 + 9*p**r + 4*p**2. Calculate l(-2).
10
Let l = 5 - 2. Let n be -4 + 0 + (-2 - -25). Suppose -2*m + n = l*z, m - 6 = -z - 0. Let g(j) = j - 7. Calculate g(z).
0
Let k(q) = -q**3 + 3*q**2 - 2*q + 1. Let f(m) be the first derivative of -m**2 - 5*m - 3 - 1/4*m**4 + 5/3*m**3. Let r be